12 = -2*k + 4*n. Let q = k + 0. What is the tens digit of q?
1
Let n = 16 + -16. Suppose n = -0*o + 2*o - 26. What is the units digit of o?
3
Let m(o) = 5*o + 1. Let k be (-4)/(-4) + (1 - 0). What is the units digit of m(k)?
1
Let p(z) = 2*z - 1 - 1 + 3 + 38*z**2. Let l be p(-1). Suppose -5 + l = 4*r. What is the units digit of r?
8
Suppose 0 = 6*f - 11*f - 30. Let h(c) = -c**3 - 6*c**2 - 7*c - 6. What is the units digit of h(f)?
6
Let h = 18 + -12. What is the units digit of h?
6
Let h = -3 + 3. Suppose 0 = -3*u + 2*f + 33, 0 = 3*u - h*f + f - 24. Suppose 4*k - 5*k = -u. What is the units digit of k?
9
Let v be 6/(-2)*1044/(-27). Suppose 5*b + 3*g = 2*g + v, 0 = b - 2*g - 32. What is the tens digit of b?
2
Let n(w) = -5*w**2 + 6*w + 1. Let d(c) = 6*c**2 - 7*c. Let g(y) = -4*d(y) - 5*n(y). Let o be g(4). Suppose 0 = o*p - 4*p + 9. What is the units digit of p?
9
What is the units digit of 15 + 0/(2 + -4)?
5
Let m(i) = i**2 - 13*i - 20. What is the tens digit of m(16)?
2
Suppose 150 = 3*r - 3*s, 4*s + 0*s + 47 = r. Let f = -36 + r. What is the tens digit of f?
1
Let r be -6 + (-1 - -1) - 2. Let p = r + 16. What is the units digit of p?
8
Let h = 4 + -1. Suppose 0 = -h*z - 0*z + 24. What is the units digit of z?
8
Let p(x) = 8*x + 4. What is the units digit of p(6)?
2
Let k(w) = w**2 - 9*w. Suppose 0 = -5*m - 3*j + 50, -5*m + 2*m - 5*j + 30 = 0. What is the tens digit of k(m)?
1
Suppose 3*z - 2*z = -s + 44, -2*z - 4*s + 78 = 0. What is the units digit of z?
9
What is the units digit of (558 + -4)/(2 - 0)?
7
Let s = 40 + -7. What is the units digit of s?
3
Let h = -57 + 85. What is the units digit of h?
8
Let o = 535 - 339. What is the units digit of o?
6
Let t(a) = -6*a + 3. What is the tens digit of t(-4)?
2
Let h(y) = -11*y - 5*y + 5*y - 4*y**2 - 6 + 3*y**2. What is the units digit of h(-6)?
4
Let a(d) = d**3 + 14. Let m(k) = -k - 10. Let v be m(-10). What is the units digit of a(v)?
4
Let g(f) = -f**2 + f + 5*f + 1 + 4. Let i be g(6). Suppose -i*a = 2 - 32. What is the units digit of a?
6
Let g be 1/((21/6)/(-7)). Let f = 8 - g. What is the units digit of f?
0
Suppose -3*m = -2*m - 5. Suppose u + 0*u = -m*n + 5, 4*u + 20 = 0. What is the units digit of n?
2
Suppose -5 = -4*r + n, -5*n + 21 = -r + 8. Let f(m) = 0*m**3 - 4 - 3*m + m**3 - m**r + m**2. What is the tens digit of f(3)?
1
Let t(n) be the third derivative of n**5/60 - n**4/3 + n**3/3 - 4*n**2. What is the units digit of t(10)?
2
Let m = -8 - -12. Suppose 68 = m*c - 0*c - 4*f, 29 = c + 5*f. What is the units digit of c?
9
What is the units digit of (3 + (-78)/30)*(15 - 0)?
6
Let r(d) = 21*d**3 - d**2 + d + 1. What is the units digit of r(2)?
7
Let y(m) = -2*m - 1 + 10*m + m**3 - 8*m**2 + 5. What is the tens digit of y(7)?
1
Suppose 2*h + 526 = -0*r + 5*r, -4*r + h = -422. What is the tens digit of r?
0
Let s(p) = p**3 - 7*p**2 + 2*p - 4. Let v be s(7). What is the tens digit of v/(-45) - (-382)/18?
2
Suppose 2 - 4 = n. Let z be 6/(-3)*8 + n. Let d = -11 - z. What is the units digit of d?
7
Suppose -2*u = -7 - 3. What is the units digit of u?
5
Suppose -f - 5*m + 7 = -2*m, -4*m + 11 = f. Let r be (2/(-4))/(f/40). Suppose -p - r = -27. What is the tens digit of p?
2
Let z = 6 + -6. Let c(k) = k**2 + z*k**3 - k - 1 + 3*k**3 - 15*k**3. What is the units digit of c(-1)?
3
Let i(z) = 6*z + 4. Let t be i(3). Suppose t - 8 = h. What is the tens digit of h?
1
Let n be 70/9 - 14/(-63). Suppose -5*d + n = -17. What is the units digit of d?
5
What is the hundreds digit of -2*(-10)/25*200?
1
Let a = -130 - -278. What is the tens digit of a?
4
Let v = 56 + -96. What is the tens digit of ((-2)/(-4))/((-2)/v)?
1
Let i(t) = t**2 + 3*t + 3. Let r be i(-3). Suppose r + 24 = 3*c. What is the units digit of c?
9
Let m(o) = -5*o + 2. What is the tens digit of m(-3)?
1
Let m = 27 - -5. What is the tens digit of m?
3
Suppose -271 - 29 = -5*c. Suppose -5*i + c = -0*i. What is the units digit of i?
2
Let s(x) = -x - 2. Let h be s(-6). Suppose -h*v + 2*a = -10, 2*v - 2*a - 7 = -1. What is the units digit of v?
2
Let n(c) = -c**2 + 12*c - 14. Let p be n(10). What is the units digit of (p/(-10))/(6/(-30))?
3
Let v(p) be the first derivative of 2*p**3/3 - 9*p**2/2 - 2*p + 2. Let m(h) = -3*h**2 + 9*h + 3. Let a(w) = 3*m(w) + 4*v(w). What is the units digit of a(-9)?
1
Let g = 25 + -15. What is the units digit of g?
0
What is the tens digit of (484/6)/((-32)/(-48))?
2
Let f(g) = 4*g. Let q be f(-5). Let b = -3 - q. What is the tens digit of b?
1
What is the hundreds digit of (5376/20)/2 + (-3)/(-5)?
1
Let c = 17 - 14. What is the units digit of c?
3
Let l(x) = -18*x + 5. Let q(h) = -36*h + 11. Let r(u) = 13*l(u) - 6*q(u). What is the units digit of r(-1)?
7
Suppose 0 = 2*i - 3*j + 67, 2*i + 5*j + 8 = -19. Let b = i - -42. What is the units digit of b?
6
Let p(b) = -2*b**2 - 4*b + 5. Let q(u) = -2*u**2 - 3*u + 4. Let o(k) = 4*p(k) - 5*q(k). What is the units digit of o(3)?
5
Let s(l) = -l**2 + 6*l + 3. Let k be s(6). Suppose -p = -4*i + 15, -i + k = -2*p + p. What is the units digit of i?
4
Let u(j) = j + 6. Let k be u(-8). What is the units digit of 8 + ((-6)/k)/3?
9
Let i(k) = 4 - k**2 + k**3 + 4*k**2 - 7*k**2 - 5*k. What is the units digit of i(5)?
4
Suppose c + 2*z - 20 = 0, 2 + 15 = c - z. Suppose 2*t - c = -t. Let m(d) = d**2 - 5*d + 6. What is the tens digit of m(t)?
1
Let v be ((-9)/9)/((-2)/(-4)). What is the units digit of 2*((-5)/v + -2)?
1
Let y = 95 + -55. What is the units digit of y?
0
Suppose -5*z + 92 = 4*s - z, -91 = -5*s + 3*z. What is the units digit of s?
0
Let k be 1/4*-2*0. Suppose s - 3*z = -14, 3*s = -k*s - z - 42. Let n = 23 + s. What is the units digit of n?
9
Suppose 0 = -o + 2 + 49. What is the units digit of o?
1
Let z(h) = -12*h - 1. What is the tens digit of z(-3)?
3
What is the units digit of 1074/21 + 3/(-21)?
1
Suppose -5*d + 5 = 2*j, 2*j - 4*d = -d + 13. Suppose 0 = j*w - 10. What is the units digit of w?
2
Suppose -10 = n - 6*n. Let c be n/7 - 153/21. What is the units digit of (7/2)/(c/(-14))?
7
Suppose -27 = -d + 35. Suppose m - 2*f = 3*f + 34, d = 3*m - 5*f. What is the tens digit of m?
1
Let i = -8 + 11. What is the tens digit of (-6)/i*(-14)/2?
1
Suppose -l + 41 = 2*n, -3*l = -3*n - 14 + 71. What is the tens digit of n?
2
Let h(m) be the first derivative of -m**3/3 + 9*m**2/2 - 3*m + 2. What is the units digit of h(8)?
5
Suppose h + 1 = -3*i, -8 = -5*h + 2*i + 21. Suppose 0 = h*l - 23 - 2. Let j = l - 2. What is the units digit of j?
3
Suppose -2 - 10 = 4*c. Let h = c + 3. Suppose b + h = 5. What is the units digit of b?
5
What is the tens digit of ((-1)/3)/(676/(-336) - -2)?
2
What is the units digit of ((-95)/(-3))/((-2)/(-6))?
5
Let w be (-5)/(20/28)*-1. Suppose 4*x - 20 = -4*p - 4, 2*p = 3*x - w. What is the units digit of x?
3
Let q(t) = t + 5. Let a be q(-9). Let v be -4*(46/a - -1). Suppose -4*k - 2 + v = 0. What is the units digit of k?
0
Let m(w) = w**2 - 4*w + 7. Let k(i) = i**2 + 11*i + 15. Let z be k(-10). What is the units digit of m(z)?
2
Let s(t) be the second derivative of -t - 1/12*t**4 + 0 + 2*t**2 + 2/3*t**3. What is the units digit of s(4)?
4
Suppose -6*i + 3*i = -3*y + 303, 0 = -2*y + 4*i + 196. What is the hundreds digit of y?
1
Let s(d) = -d**3 - d**2 + 4*d - 4. What is the tens digit of s(-5)?
7
Let a be (1/1 + -3)*2. Let f be ((-3)/a)/(1/(-4)). Let k = f + 12. What is the units digit of k?
9
Suppose -3*o = -0*o - 54. What is the units digit of o?
8
Suppose 15 = -k + 2*k. Let n = k + -1. What is the units digit of n?
4
Suppose -n + 370 = -3*n. What is the tens digit of 2/4 + n/(-10)?
1
Let v = 144 - 46. What is the tens digit of v?
9
Suppose -10*j = -5*j - 15. What is the units digit of j?
3
Let b(l) = -5*l**2 - 2*l + 5. Let h(a) = -9*a**2 - 4*a + 9. Let q(w) = 7*b(w) - 4*h(w). What is the units digit of q(1)?
2
Let w be -1 + (0 - 0) - 3. Let f(c) = c**2 + c - 2. Let y be f(w). What is the units digit of y - 1*(2 - 1)?
9
Let k = -30 + 51. What is the units digit of 163/7 + (-6)/k?
3
Let o(u) = 6 + 8 - 3*u - 2*u**2 - 5 + 3*u**2. Let j be o(9). Suppose j = 3*h - 2*k - 0*k, -84 = -4*h + 5*k. What is the units digit of h?
1
Let q(m) = 4*m**2 + 4*m - 3. Suppose -7 = 4*p + 5*s, 4*p + 1 = 5*s + 24. What is the tens digit of q(p)?
2
Let u = 19 - 9. Let s 